{"id":358,"date":"2024-06-25T18:12:07","date_gmt":"2024-06-25T21:12:07","guid":{"rendered":"https:\/\/tienda.yesiblue.com.ar\/?post_type=product&#038;p=358"},"modified":"2026-04-02T13:40:13","modified_gmt":"2026-04-02T16:40:13","slug":"confident-justin-bieber","status":"publish","type":"product","link":"https:\/\/tienda.yesiblue.com.ar\/index.php\/producto\/confident-justin-bieber\/","title":{"rendered":"CONFIDENT-JUSTIN BIEBER"},"content":{"rendered":"<p>Hola! te gusto esta coreo!? Todas las coreos que realizo son para todos los niveles, en los videos te voy a explicar paso a paso toda la coreograf\u00eda y si considero que alg\u00fan paso\/ truco , puede tener alg\u00fan tipo de dificultad , vas a tener tb. el tutorial de ese paso\/truco.<\/p>\n<p>Una vez que realices la compra vas a recibir el video tutorial\u00a0 y tambi\u00e9n recibir\u00e1s la coreo completa con la m\u00fasica para que bailemos juntxs.<\/p>\n<p>&nbsp;<\/p>\n<p>&nbsp;<\/p>\n<p>&nbsp;<\/p>\n<p>&nbsp;<\/p>\n<p id=\"tw-target-text\" class=\"tw-data-text tw-text-large tw-ta\" dir=\"ltr\" data-placeholder=\"Traducci\u00f3n\" aria-label=\"Texto traducido\" data-ved=\"2ahUKEwiqjeWO1PeGAxWNq5UCHWzADCkQ3ewLegQIBRAU\"><span class=\"Y2IQFc\" lang=\"en\">Hello! do you like this choreo!? All the choreographies that I do are for all levels, in the videos I am going to explain the entire choreography step by step and if I consider that any step\/trick may have some type of difficulty, you will also have it. the tutorial for that step\/trick. Once you make the purchase you will receive the video tutorial and you will also receive the complete chorus with the music so that we can dance together<\/span><\/p>\n<p>&nbsp;<\/p>\n<p>&nbsp;<\/p>\n","protected":false},"excerpt":{"rendered":"<p>Hola! te gusto esta coreo!? Todas las coreos que realizo son para todos los niveles, en los videos te voy a explicar paso a paso toda la coreograf\u00eda y si considero que alg\u00fan paso\/ truco , puede tener alg\u00fan tipo de dificultad , vas a tener tb. el tutorial de ese paso\/truco. Una vez que realices la compra vas a recibir el video tutorial\u00a0 y tambi\u00e9n recibir\u00e1s la coreo completa con la m\u00fasica para que bailemos juntxs. &nbsp; &nbsp; &nbsp; &nbsp; Hello! do you like this choreo!? All the choreographies that I do are for all levels, in the videos I am going to explain the entire choreography step by step and if I consider that any step\/trick may have some type of difficulty, you will also have it. the tutorial for that step\/trick. Once you make the purchase you will receive the video tutorial and you will also receive the complete chorus with the music so that we can dance together &nbsp; &nbsp;<\/p>\n","protected":false},"featured_media":360,"comment_status":"open","ping_status":"closed","template":"","meta":{"site-sidebar-layout":"default","site-content-layout":"","ast-site-content-layout":"default","site-content-style":"default","site-sidebar-style":"default","ast-global-header-display":"","ast-banner-title-visibility":"","ast-main-header-display":"","ast-hfb-above-header-display":"","ast-hfb-below-header-display":"","ast-hfb-mobile-header-display":"","site-post-title":"","ast-breadcrumbs-content":"","ast-featured-img":"","footer-sml-layout":"","theme-transparent-header-meta":"default","adv-header-id-meta":"","stick-header-meta":"","header-above-stick-meta":"","header-main-stick-meta":"","header-below-stick-meta":"","astra-migrate-meta-layouts":"set","ast-page-background-enabled":"default","ast-page-background-meta":{"desktop":{"background-color":"var(--ast-global-color-4)","background-image":"","background-repeat":"repeat","background-position":"center center","background-size":"auto","background-attachment":"scroll","background-type":"","background-media":"","overlay-type":"","overlay-color":"","overlay-gradient":""},"tablet":{"background-color":"","background-image":"","background-repeat":"repeat","background-position":"center center","background-size":"auto","background-attachment":"scroll","background-type":"","background-media":"","overlay-type":"","overlay-color":"","overlay-gradient":""},"mobile":{"background-color":"","background-image":"","background-repeat":"repeat","background-position":"center center","background-size":"auto","background-attachment":"scroll","background-type":"","background-media":"","overlay-type":"","overlay-color":"","overlay-gradient":""}},"ast-content-background-meta":{"desktop":{"background-color":"var(--ast-global-color-5)","background-image":"","background-repeat":"repeat","background-position":"center center","background-size":"auto","background-attachment":"scroll","background-type":"","background-media":"","overlay-type":"","overlay-color":"","overlay-gradient":""},"tablet":{"background-color":"var(--ast-global-color-5)","background-image":"","background-repeat":"repeat","background-position":"center center","background-size":"auto","background-attachment":"scroll","background-type":"","background-media":"","overlay-type":"","overlay-color":"","overlay-gradient":""},"mobile":{"background-color":"var(--ast-global-color-5)","background-image":"","background-repeat":"repeat","background-position":"center center","background-size":"auto","background-attachment":"scroll","background-type":"","background-media":"","overlay-type":"","overlay-color":"","overlay-gradient":""}}},"product_brand":[],"product_cat":[18],"product_tag":[],"class_list":{"0":"post-358","1":"product","2":"type-product","3":"status-publish","4":"has-post-thumbnail","6":"product_cat-sin-categorizar","7":"desktop-align-left","8":"tablet-align-left","9":"mobile-align-left","11":"first","12":"instock","13":"sale","14":"virtual","15":"purchasable","16":"product-type-simple"},"_links":{"self":[{"href":"https:\/\/tienda.yesiblue.com.ar\/index.php\/wp-json\/wp\/v2\/product\/358","targetHints":{"allow":["GET"]}}],"collection":[{"href":"https:\/\/tienda.yesiblue.com.ar\/index.php\/wp-json\/wp\/v2\/product"}],"about":[{"href":"https:\/\/tienda.yesiblue.com.ar\/index.php\/wp-json\/wp\/v2\/types\/product"}],"replies":[{"embeddable":true,"href":"https:\/\/tienda.yesiblue.com.ar\/index.php\/wp-json\/wp\/v2\/comments?post=358"}],"wp:featuredmedia":[{"embeddable":true,"href":"https:\/\/tienda.yesiblue.com.ar\/index.php\/wp-json\/wp\/v2\/media\/360"}],"wp:attachment":[{"href":"https:\/\/tienda.yesiblue.com.ar\/index.php\/wp-json\/wp\/v2\/media?parent=358"}],"wp:term":[{"taxonomy":"product_brand","embeddable":true,"href":"https:\/\/tienda.yesiblue.com.ar\/index.php\/wp-json\/wp\/v2\/product_brand?post=358"},{"taxonomy":"product_cat","embeddable":true,"href":"https:\/\/tienda.yesiblue.com.ar\/index.php\/wp-json\/wp\/v2\/product_cat?post=358"},{"taxonomy":"product_tag","embeddable":true,"href":"https:\/\/tienda.yesiblue.com.ar\/index.php\/wp-json\/wp\/v2\/product_tag?post=358"}],"curies":[{"name":"wp","href":"https:\/\/api.w.org\/{rel}","templated":true}]}}